uppose 0 = 5*w - 4*h - 798, -b*w - h - 634 = -7*w. Is w a prime number?
False
Let b = 133 - 66. Is b prime?
True
Let x be (-8)/(2 + (-12)/9). Let v be 4/x + 250/3. Suppose -3*j + 28 = -v. Is j composite?
False
Let z be ((-1)/(-3))/((-3)/(-45)). Suppose 0 = z*l - i - 8 - 0, 0 = -4*l + 5*i - 2. Suppose -5*q - 39 = -p - q, l*p + 2*q - 28 = 0. Is p a composite number?
False
Let v(x) = 63*x - 3. Let c(d) = -63*d + 4. Let j(i) = -2*c(i) - 3*v(i). Suppose 10 = -2*q - 2*g, -5*q + 11 = -3*q - 5*g. Is j(q) a prime number?
True
Let f = -234 - -545. Is f a prime number?
True
Suppose 3*p + 867 = 4*u, u - 117 = -3*p + 81. Is u a prime number?
False
Let a(o) = -15*o + 1. Let v be a(-7). Let z = 307 - 212. Suppose 3*q - z - v = 0. Is q a prime number?
True
Let q(l) = 6*l**2 + 9*l + 9. Let d be q(-6). Let s = d + -118. Is s prime?
True
Suppose o + 0*o = 3*j + 13, -4*o - 2*j = -10. Let u = o - -2. Let r = u - -47. Is r a composite number?
False
Let a(g) = -g - 3. Let b(w) = -w - 4. Let j(f) = 6*a(f) - 5*b(f). Is j(-2) a composite number?
True
Let a = -10 + 43. Is a prime?
False
Let q be (-5)/((4 + -2)/(-266)). Let g = 1152 - q. Is g a prime number?
True
Suppose -2*k + 10 = -3*n, k - 2*n - 4 = -0*n. Suppose o + 0*o - k = 0. Suppose 4*i = 4*q + 372, -6*i + o*i - 198 = 5*q. Is i prime?
True
Suppose 19 = 3*k - 125. Let o be 0 + (-13 - -2)*-1. Suppose -h = o - k. Is h composite?
False
Suppose 3*k - 12 = -i, 3*i - 5*k + 40 = -2*i. Is 1/((-3)/1449*i) composite?
True
Let r = 83 + 78. Suppose 4*h = -u + 23, -5*u = -6*h + 3*h - r. Is u composite?
False
Suppose 9*l - 287 = 1054. Is l composite?
False
Let i = 295 - 157. Suppose -i = -4*v + 194. Is v a prime number?
True
Suppose 0 = -6*g + 234 + 1032. Is g a composite number?
False
Suppose 3*u = 2*u + 3. Suppose 3*p + u = -3. Is p/3 - 105/(-9) composite?
False
Let x(n) = -2*n**3 + n**2 + n - 1. Let j be x(1). Is (0/j)/(-2) - -13 prime?
True
Is 1 + (1 - 7940/(-4)) a composite number?
False
Let g = -9 - 48. Suppose 3*h - 4*n = 5*h + 324, 5 = -n. Let b = g - h. Is b a prime number?
False
Suppose 3*n - 200 = n. Suppose 4*l = -0*l + n. Let s = l + 0. Is s prime?
False
Suppose 4*a - 213 = 687. Let p = -14 + a. Is p composite?
False
Let t = 18 - -67. Is t a prime number?
False
Suppose 5*p - 2*p - 6 = 0. Let k(s) = -8*s - 10 + s - p*s + s. Is k(-9) prime?
False
Suppose -3592 = -n - 3*t, -14353 = -n - 3*n + 3*t. Is n a prime number?
False
Let s = -174 + 400. Is s prime?
False
Suppose 25 = 5*f, 0 = 5*h + 4*f - 37 + 2. Suppose h*o + 31 - 8 = 5*i, -5*i + 5*o = -25. Suppose -40 = -i*s - 12. Is s a prime number?
True
Let a be 6/5*(-30)/9. Let c be a/18 - (-1196)/36. Suppose -c = -4*o + o - k, 2*o - 5*k = 22. Is o composite?
False
Let l = -28104 - 1764. Is (-4)/(-22) - l/44 a prime number?
False
Suppose -5*s = 4*y - 260, -s - 27 = 2*y - 73. Suppose 4*g + 32 = 2*n, 6*g + 4*n = 2*g - s. Is (g/(-4) - 3)*-8 a prime number?
False
Let i be (10/4 + -3)*0. Suppose -3*f = -6 - i. Is 0 - (-2*4 + f) a composite number?
True
Let a(b) = b**2 + 8*b + 2. Let r be a(-8). Suppose 0*u - 452 = -2*x + 4*u, r*x - 452 = 5*u. Is x prime?
False
Let p(w) = -3*w. Let j be p(-4). Suppose 0 = 2*x + f - 195, -x + 2*f + j = -83. Is x a composite number?
False
Let j = -52 + 34. Let k = 695 + j. Is k prime?
True
Is -3831*((-30)/(-18) + -2 + 0) prime?
True
Is 889/2 + 3/6 composite?
True
Suppose 0 = 23*y - 25*y + 2006. Is y prime?
False
Suppose -4*o = 3*z - 1166, o - 4*z = 275 + 26. Is o a composite number?
False
Suppose 5*l - 5*m = 45, -3*l + 2*m + 3*m = -33. Let j(h) = -8*h**2 + 15*h + 1. Let n(f) = 7*f**2 - 14*f. Let i(p) = 5*j(p) + 6*n(p). Is i(l) composite?
False
Suppose -5*x - 2*f = -31, 5*x - 15 = 2*x - 3*f. Let b(c) = c + 3. Let z be b(x). Let s = 5 + z. Is s composite?
True
Let f(c) = 13*c**2 + 5*c + 3. Let g(x) = -2*x - 6. Let w be g(-5). Let s be f(w). Suppose 9*l - 4*l + 2*h = s, 0 = 4*h + 8. Is l prime?
True
Let n be -4 - (-2)/((-2)/2). Is n/30 + (-532)/(-10) a composite number?
False
Let u = 2 + 1. Let o be (5 - -1)/((-4)/74). Is (o/(u + 0))/(-1) composite?
False
Suppose 7*a - 10*a = -5937. Is a a composite number?
False
Let u be ((-6)/15)/(1/(-5)). Suppose -u*t = 3*y + 125, 0*t = -2*t + 3*y - 155. Let n = t + 107. Is n a composite number?
False
Let r = 20 + -85. Let a = r + 132. Is a composite?
False
Suppose 4*q = -a - 0*q + 153, 2*a - 311 = -3*q. Is a prime?
True
Let a = -15 - -344. Is a prime?
False
Suppose -n + 1659 = 2*n. Is n prime?
False
Suppose 2*y + 5*y - 4739 = 0. Is y a prime number?
True
Suppose -5*j - 15 = 0, 2*j = -4*a + 3*j - 105. Suppose -b - b = -100. Let g = a + b. Is g composite?
False
Is (4/6)/(6/(-9)) + 10134 a composite number?
False
Let o(v) = -9*v + 10. Let n be (-8)/(-4*1/(-4)). Is o(n) prime?
False
Let t(d) = -2*d + 3. Let i be t(2). Is 2*123*i/(-2) composite?
True
Let z = -33 + 54. Let d = z + -37. Is (d - -1)/(0 - 1) composite?
True
Let n(a) = -8*a**2 - 2*a - 1. Let y be n(-1). Let j = 0 - y. Suppose -2*w + m = -0*m - 7, j = -3*w + 5*m. Is w prime?
False
Suppose v - 4*v = 5*n + 16, n = -5. Suppose 2*b = -5*g + 5*b + 29, v*g = -b + 9. Suppose 4*k = 5*z + 54, 50 = 4*k + g*z - 7*z. Is k a prime number?
True
Let m(z) = 12*z - 9. Let i(k) = -25*k + 17. Let t(u) = 6*i(u) + 11*m(u). Let q = -15 - -9. Is t(q) prime?
False
Is (2/(-4))/((-13)/8606) prime?
True
Suppose 0 = -4*w + 107 + 177. Is w prime?
True
Let o(n) = 14*n + 7. Let j(t) = t**3 + 5*t**2 - 7*t + 2. Let x be j(-6). Is o(x) a prime number?
False
Let z(n) = -2*n**2 + 3*n. Let a(j) = -j**2 + j - 1. Let k(l) = 2*a(l) - 2*z(l). Is k(6) composite?
True
Suppose 2*z + 10 = 102. Suppose -l + 257 = z. Is l prime?
True
Suppose -3*v = 5*f - 550, -5*v + 540 = 3*f + 2*f. Is f prime?
True
Let x be 2 + (-2)/(2/7). Let w be x*(-1 - 2/(-5)). Suppose -47 = -p - 0*b - 2*b, -w*p = -b - 106. Is p prime?
True
Let c(d) = d**3 + d - 46. Let k be c(0). Let z = -23 - k. Is z prime?
True
Suppose -9 = -7*a + 19. Suppose -a*d + 0*d + 92 = 0. Is d a prime number?
True
Let u be ((-12)/(-10))/((-6)/80). Let w = u - -27. Is w a prime number?
True
Let u = 5 + -6. Is 127/(-2)*(-3 - u) prime?
True
Let g(m) = m**2 + m + 34. Suppose -3*b + 0*b = 0. Let f be g(b). Suppose 5*s + 22 = 2*a, 4*a - f = -a + 2*s. Is a a composite number?
True
Let f(s) = 2*s**2 + 2*s - 19. Let n(k) = 5*k**2 + 5*k - 57. Let a(j) = 8*f(j) - 3*n(j). Is a(0) a prime number?
True
Let j = -23 - -16. Let u = -3 + 1. Is j*u/(-4)*-22 a prime number?
False
Let p = -1 + 2. Let g = p + 32. Is g a prime number?
False
Let z be 2/((-2)/5) - 0. Let s(v) = -2 + 0 + 1 - 4*v. Is s(z) a composite number?
False
Suppose 2*s + 0 = 6. Let h(r) = 7*r**3 + 3*r**2 + 3*r + 4. Let q be h(s). Suppose n - 78 = -3*a + 2*a, -3*n + 2*a = -q. Is n a composite number?
True
Suppose 3*b = b. Is (91 - 1) + 1 + b a prime number?
False
Is 107790/(-20)*3*2/(-9) prime?
True
Let f = -10 + 8. Let n be (-1 + 0)*(0 + 11). Is 17/f*(n - -1) prime?
False
Is 401*3 + -2*5/5 a prime number?
True
Is (-5938)/(-8) - (-18)/24 a prime number?
True
Let p(x) = x + 4*x**3 + 21 + 15*x**2 + 17*x - 9*x**3 + 4*x**3. Is p(16) a composite number?
False
Let z = 497 - 334. Is z prime?
True
Let o(f) = -5*f - 6. Let w be o(5). Let d = 12 + w. Let y = -12 - d. Is y a composite number?
False
Suppose -3*m = -0*a + 2*a - 2607, -1738 = -2*m - 5*a. Is m a prime number?
False
Let k(x) = -87*x + 3. Is k(-2) a composite number?
True
Let l(o) = 18*o + 6. Let k be l(5). Suppose -2*t - 28 - 32 = -2*u, t + k = 3*u. Is u prime?
False
Is (1109/(-4))/(10/(-40)) a composite number?
False
Let v(q) = -2*q - 20. Let a be v(-7). Let z = -60 + 97. Let y = z + a. Is y composite?
False
Suppose -13 = -b + 4*j - 0*j, 114 = 3*b + 3*j. Suppose 2*u = 2*x - 126, 81 = 2*x - 5*u - b. Is x a prime number?
True
Let q(t) = t - 1. Let w be q(1). Suppose 2*n - 237 = -n - 2*r, -4*r = w. Is n composite?
False
Suppose -948 = 4*q - 8*q. Is q a prime number?
False
Suppose z - g = 5*z - 1397, -4*z + 2*g + 1382 = 0. Suppose z = 2*k + k. Suppose k = -3*f + 353. Is f a composite number?
False
Let z be (-2)/12 + 170/(-60). Is (4 + 3)*z/(-1) prime?
False
Suppose 5*c + 295 = 5*g, -c - 60 - 57 = -2*g. Is g a composite number?
True
Suppose -5*x + 29 + 51 = 5*n, 4*x - 5*n - 91 = 0. Let y(i) = -2*i - 6. Let a be y(-4). Suppose a*m + x = 3*m. Is m a composit